 thousands digit of 23389679?
3
What is the units digit of 293339466?
6
What is the ten millions digit of 5117844749?
1
What is the units digit of 245435187?
7
What is the millions digit of 5492166342?
2
What is the ten millions digit of 1334682475?
3
What is the millions digit of 63189381?
3
What is the hundreds digit of 291607715?
7
What is the units digit of 32222331?
1
What is the units digit of 667808001?
1
What is the ten thousands digit of 130111985?
1
What is the thousands digit of 655943518?
3
What is the hundreds digit of 2301471?
4
What is the hundred thousands digit of 81122741?
1
What is the millions digit of 205393706?
5
What is the millions digit of 252385248?
2
What is the ten millions digit of 483308755?
8
What is the hundreds digit of 255850802?
8
What is the ten thousands digit of 242389864?
8
What is the tens digit of 277333734?
3
What is the hundred thousands digit of 33195752?
1
What is the ten millions digit of 28371313?
2
What is the tens digit of 52220874?
7
What is the hundred millions digit of 576560016?
5
What is the tens digit of 806386901?
0
What is the units digit of 394129156?
6
What is the hundred millions digit of 4429266988?
4
What is the units digit of 184677156?
6
What is the tens digit of 54623509?
0
What is the units digit of 76561372?
2
What is the ten thousands digit of 55444233?
4
What is the hundreds digit of 608889676?
6
What is the ten millions digit of 1380177441?
8
What is the hundred thousands digit of 33235793?
2
What is the hundreds digit of 103919506?
5
What is the ten millions digit of 841654298?
4
What is the hundred millions digit of 1817820917?
8
What is the hundred thousands digit of 56561939?
5
What is the ten thousands digit of 168361265?
6
What is the ten millions digit of 41065814?
4
What is the ten millions digit of 90931679?
9
What is the billions digit of 3420865106?
3
What is the millions digit of 117320387?
7
What is the hundreds digit of 4387241?
2
What is the ten thousands digit of 115208156?
0
What is the units digit of 66814845?
5
What is the hundred thousands digit of 138137277?
1
What is the hundreds digit of 1963565?
5
What is the hundreds digit of 79851300?
3
What is the ten thousands digit of 842519264?
1
What is the millions digit of 211585414?
1
What is the units digit of 22472008?
8
What is the ten millions digit of 809309907?
0
What is the millions digit of 95490310?
5
What is the thousands digit of 1642890773?
0
What is the hundred millions digit of 242713676?
2
What is the millions digit of 823727739?
3
What is the thousands digit of 17702968?
2
What is the millions digit of 321319869?
1
What is the hundred thousands digit of 225896406?
8
What is the thousands digit of 330860279?
0
What is the hundred thousands digit of 779644646?
6
What is the tens digit of 103764580?
8
What is the ten millions digit of 354322956?
5
What is the ten thousands digit of 313082216?
8
What is the hundreds digit of 1164529509?
5
What is the units digit of 656787463?
3
What is the hundreds digit of 83608819?
8
What is the millions digit of 445766601?
5
What is the hundred thousands digit of 151819216?
8
What is the tens digit of 446033678?
7
What is the ten millions digit of 124307378?
2
What is the ten thousands digit of 225599810?
9
What is the ten millions digit of 78203539?
7
What is the thousands digit of 107788634?
8
What is the ten millions digit of 201783296?
0
What is the hundreds digit of 95403650?
6
What is the tens digit of 123294294?
9
What is the tens digit of 171340654?
5
What is the thousands digit of 40622017?
2
What is the millions digit of 7415895707?
5
What is the billions digit of 1044669792?
1
What is the hundred thousands digit of 5001328853?
3
What is the ten thousands digit of 116375021?
7
What is the tens digit of 242867740?
4
What is the units digit of 1457900?
0
What is the hundreds digit of 2955153534?
5
What is the thousands digit of 21228996?
8
What is the thousands digit of 20098486?
8
What is the hundred thousands digit of 19662068?
6
What is the millions digit of 29164576?
9
What is the hundreds digit of 127493631?
6
What is the hundreds digit of 4314774660?
6
What is the millions digit of 62362829?
2
What is the tens digit of 421378410?
1
What is the units digit of 238964917?
7
What is the millions digit of 594170948?
4
What is the hundred thousands digit of 201726079?
7
What is the ten thousands digit of 1006312447?
1
What is the hundreds digit of 132687368?
3
What is the tens digit of 121173839?
3
What is the thousands digit of 372313306?
3
What is the ten millions digit of 34540379?
3
What is the tens digit of 755367635?
3
What is the ten thousands digit of 400351048?
5
What is the hundreds digit of 177154351?
3
What is the hundreds digit of 69238235?
2
What is the thousands digit of 10630932?
0
What is the tens digit of 900885221?
2
What is the thousands digit of 40180490?
0
What is the hundred thousands digit of 117010574?
0
What is the ten thousands digit of 3654199456?
9
What is the units digit of 89861907?
7
What is the units digit of 201868043?
3
What is the hundred millions digit of 712842363?
7
What is the hundred thousands digit of 2700876877?
8
What is the hundreds digit of 623757475?
4
What is the hundred millions digit of 288487335?
2
What is the ten thousands digit of 1824915106?
1
What is the hundred thousands digit of 68490653?
4
What is the hundred millions digit of 939186351?
9
What is the billions digit of 2494645040?
2
What is the millions digit of 564873584?
4
What is the hundred thousands digit of 191171977?
1
What is the ten millions digit of 86407056?
8
What is the millions digit of 169594370?
9
What is the hundred millions digit of 4388817407?
3
What is the units digit of 364788238?
8
What is the tens digit of 751831?
3
What is the tens digit of 44634745?
4
What is the hundred thousands digit of 18705530?
7
What is the tens digit of 2537562700?
0
What is the hundred millions digit of 296035542?
2
What is the tens digit of 56108357?
5
What is the thousands digit of 2390072941?
2
What is the millions digit of 588289221?
8
What is the hundred thousands digit of 2221683253?
6
What is the tens digit of 47270101?
0
What is the hundreds digit of 3506994318?
3
What is the hundred thousands digit of 221358065?
3
What is the hundreds digit of 396244861?
8
What is the hundreds digit of 2937260?
2
What is the hundred millions digit of 669644221?
6
What is the hundred thousands digit of 482198514?
1
What is the ten thousands digit of 348724765?
2
What is the hundred thousands digit of 144681035?
6
What is the hundreds digit of 6365755497?
4
What is the hundreds digit of 29006998?
9
What is the units digit of 233920140?
0
What is the ten thousands digit of 70550464?
5
What is the millions digit of 313973984?
3
What is the millions digit of 596963347?
6
What is the hundreds digit of 145111679?
6
What is the hundred millions digit of 349251630?
3
What is the tens digit of 18327327?
2
What is the hundred millions digit of 111910085?
1
What is the thousands digit of 82758643?
8
What is the tens digit of 60269100?
0
What is the hundreds digit of 1406330573?
5
What is the hundred thousands digit of 5122365855?
3
What is the millions digit of 621458820?
1
What is the ten thousands digit of 3804235?
0
What is the ten thousands digit of 385885536?
8
What is the hundred millions digit of 3919056283?
9
What is the hundred millions digit of 273007509?
2
What is the hundred millions digit of 2848513687?
8
What is the ten thousands digit of 1935812508?
1
What is the ten thousands digit of 18218414?
1
What is the ten thousands digit of 12605965?
0
What is the thousands digit of 2395080461?
0
What is the millions digit of 703189558?
3
What is the ten thousands digit of 994467070?
6
What is the units digit of 2569305434?
4
What is the tens digit of 3984364824?
2
What is the hundred thousands digit of 9164103?
1
What is the tens digit of 2467429692?
9
What is the ten thousands digit of 51662673?
6
What is the ten millions digit of 2369982396?
6
What is the ten thousands digit of 70918390?
1
What is the ten thousands digit of 797241589?
4
What is the millions digit of 14682157?
4
What is the tens digit of 572115521?
2
What is the ten thousands digit of 9